{"id":33,"date":"2019-03-13T04:25:14","date_gmt":"2019-03-13T09:25:14","guid":{"rendered":"http:\/\/cootragal.com.co\/?page_id=33"},"modified":"2019-04-03T16:52:15","modified_gmt":"2019-04-03T21:52:15","slug":"quienes-somos","status":"publish","type":"page","link":"https:\/\/cootragal.com.co\/index.php\/quienes-somos\/","title":{"rendered":"Quienes somos"},"content":{"rendered":"<p><strong>RESE\u00d1A HISTORICA<\/strong><\/p>\n<p>El d\u00eda 2 de Septiembre de 1979 en el Municipio de Galapa, un grupo de 24 propietarios de veh\u00edculos\u00a0 se reunieron y gestaron la creaci\u00f3n de la sociedad <strong>COOPERATIVA DE TRANSPORTADORES DE GALAPA \u201cCOOTRAGAL\u201d<\/strong>, la raz\u00f3n fundamental fue la necesidad de proporcionar los medios para conseguir a costos razonables la explotaci\u00f3n del transporte automotor mediante la prestaci\u00f3n del servicio entre la Ciudad de Barranquilla y el Municipio de Galapa en el departamento del Atl\u00e1ntico, adem\u00e1s de las actividades anexas del transporte para beneficio de los asociados y la comunidad, que se vio favorecida al recibir un adecuado y razonable servicio. El grupo homog\u00e9neamente compactado decidi\u00f3 organizarse en una sociedad que les permitiera democr\u00e1ticamente participar en su organizaci\u00f3n y direcci\u00f3n.<\/p>\n<p><strong>NUESTRA MISI\u00d3N<\/strong><\/p>\n<p>La Cooperativa de transportadores de Galapa tiene como misi\u00f3n la prestaci\u00f3n del servicio de transporte publico terrestres de pasajero a nivel intermunicipal, Contar con talento humano competente y motivado, con un moderno parque automotor y con la mejor infraestructura f\u00edsica, log\u00edstica y tecnol\u00f3gica, lo que nos permite ofrecer a la comunidad un excelente servicio, cuidando el medio ambiente, socialmente responsables y sostenibles financieramente, con lo que generamos un nivel de satisfacci\u00f3n en nuestros usuarios, asociados y empleados.<\/p>\n<p><strong>NUESTRA VISI\u00d3N<\/strong><\/p>\n<p>La Cooperativa de transportadores de Galapa se proyecta para el 2022 como la primera Cooperativa de transporte publico terrestre intermunicipal de pasajeros y posicionar nuestra imagen en el mercado nacional, mediante un Sistema de Gesti\u00f3n de Calidad certificado y mejorado continuamente que nos permita demostrar con firmeza que somos una empresa del futuro que sirve en el presente contando con un talento humano comprometido con principios y valores.<\/p>\n<p><strong>POL\u00cdTICA INTEGRAL<\/strong><\/p>\n<p>Cooperativa de transportadores de Galapa como empresa dedicada al transporte terrestres de pasajero a nivel intermunicipal, se compromete permanentemente a la satisfacer las necesidades y expectativas de sus usuarios y partes interesada, a la vez que se previenen lesiones, enfermedades laborales y situaciones de emergencia, para ello se compromete:<\/p>\n<ol>\n<li>Implementa un sistema de gesti\u00f3n en seguridad y salud en el trabajo enfocado a prevenir lesiones enfermedades laborales y situaciones de emergencia.<\/li>\n<\/ol>\n<ol start=\"2\">\n<li>Identificar los peligros, evaluar los riesgos y establecer los controles eficaces para garantizar la seguridad vial durante el transporte terrestre de pasajeros.<\/li>\n<\/ol>\n<ol start=\"3\">\n<li>Proteger la vida de los trabajadores, contratista y partes interesada antes el riesgo inherente al desarrollo de la labor propia de transporte terrestre de pasajeros mediante la implementaci\u00f3n y el mejoramiento del sistema de gesti\u00f3n de la calidad y sistema de gesti\u00f3n en seguridad y salud en el trabajo SG-SST.<\/li>\n<\/ol>\n<ol start=\"4\">\n<li>Desarrollar todas las actividades a trav\u00e9s del sistema de gesti\u00f3n de la calidad y sistema de gesti\u00f3n en seguridad y salud en el trabajo SG-SST, cumpliendo las normativas vigentes aplicables en seguridad vial, riesgo laboral y todas las que haya suscrito la cooperativa.<\/li>\n<\/ol>\n<p>&nbsp;<\/p>\n<p><strong>VALORES CORPORATIVOS:<\/strong><\/p>\n<ul>\n<li><strong>RESPONSABILIDAD:<\/strong> Somos personas libres due\u00f1as de sus actos capaces de tomar decisiones y de asumir sus consecuencias.<\/li>\n<\/ul>\n<ul>\n<li><strong>TOLERANCIA:<\/strong> Tenemos una convivencia pac\u00edfica entre personas que reconozca a los otros seres con igualdad de derecho y condici\u00f3n.<\/li>\n<\/ul>\n<ul>\n<li><strong>COMPROMISO:<\/strong> Somos personas leales innovadoras con deseos de permanecer y trabajar en la cooperativa dando lo mejor de s\u00ed.<\/li>\n<\/ul>\n<ul>\n<li><strong>CONFIANZA:<\/strong> Somos personas que creemos en nuestros esfuerzos y los de los dem\u00e1s, capaces de superar adversidades para mejorar.<\/li>\n<\/ul>\n<ul>\n<li><strong>HONESTIDAD:<\/strong> Actuamos equitativa y parcialmente de acuerdo con nuestros valores y creencias.<\/li>\n<\/ul>\n<p style=\"text-align: left;\"><b>VOCACI\u00d3N<\/b><strong>\u00a0DE SERVICIO:<\/strong> Estamos dispuestos a satisfacer las necesidades de nuestros usuarios y asociados.<\/p>\n","protected":false},"excerpt":{"rendered":"<p>RESE\u00d1A HISTORICA El d\u00eda 2 de Septiembre de 1979 en el Municipio de Galapa, un grupo de 24 propietarios de veh\u00edculos\u00a0 se reunieron y gestaron la creaci\u00f3n de la sociedad COOPERATIVA DE TRANSPORTADORES DE GALAPA \u201cCOOTRAGAL\u201d, la raz\u00f3n fundamental fue la necesidad de proporcionar los medios para conseguir a costos razonables la explotaci\u00f3n del transporte [&hellip;]<\/p>\n","protected":false},"author":1,"featured_media":0,"parent":0,"menu_order":0,"comment_status":"closed","ping_status":"closed","template":"","meta":{"footnotes":""},"class_list":["post-33","page","type-page","status-publish","hentry"],"_links":{"self":[{"href":"https:\/\/cootragal.com.co\/index.php\/wp-json\/wp\/v2\/pages\/33","targetHints":{"allow":["GET"]}}],"collection":[{"href":"https:\/\/cootragal.com.co\/index.php\/wp-json\/wp\/v2\/pages"}],"about":[{"href":"https:\/\/cootragal.com.co\/index.php\/wp-json\/wp\/v2\/types\/page"}],"author":[{"embeddable":true,"href":"https:\/\/cootragal.com.co\/index.php\/wp-json\/wp\/v2\/users\/1"}],"replies":[{"embeddable":true,"href":"https:\/\/cootragal.com.co\/index.php\/wp-json\/wp\/v2\/comments?post=33"}],"version-history":[{"count":6,"href":"https:\/\/cootragal.com.co\/index.php\/wp-json\/wp\/v2\/pages\/33\/revisions"}],"predecessor-version":[{"id":84,"href":"https:\/\/cootragal.com.co\/index.php\/wp-json\/wp\/v2\/pages\/33\/revisions\/84"}],"wp:attachment":[{"href":"https:\/\/cootragal.com.co\/index.php\/wp-json\/wp\/v2\/media?parent=33"}],"curies":[{"name":"wp","href":"https:\/\/api.w.org\/{rel}","templated":true}]}}