{"id":9,"date":"2019-01-19T10:11:55","date_gmt":"2019-01-19T15:11:55","guid":{"rendered":"http:\/\/cootragal.com.co\/?page_id=9"},"modified":"2019-04-03T16:40:40","modified_gmt":"2019-04-03T21:40:40","slug":"inicio","status":"publish","type":"page","link":"https:\/\/cootragal.com.co\/index.php\/inicio\/","title":{"rendered":"Inicio"},"content":{"rendered":"<p><strong>RESE\u00d1A\u00a0<\/strong><b>HIST\u00d3RICA<\/b><\/p>\n<p style=\"text-align: left;\">El d\u00eda 2 de Septiembre de 1979 en el Municipio de Galapa, un grupo de 24 propietarios de veh\u00edculos\u00a0 se reunieron y gestaron la creaci\u00f3n de la sociedad <strong>COOPERATIVA DE TRANSPORTADORES DE GALAPA \u201cCOOTRAGAL\u201d<\/strong>, la raz\u00f3n fundamental fue la necesidad de proporcionar los medios para conseguir a costos razonables la explotaci\u00f3n del transporte automotor mediante la prestaci\u00f3n del servicio entre la Ciudad de Barranquilla y el Municipio de Galapa en el departamento del Atl\u00e1ntico, adem\u00e1s de las actividades anexas del transporte para beneficio de los asociados y la comunidad, que se vio favorecida al recibir un adecuado y razonable servicio. El grupo homog\u00e9neamente compactado decidi\u00f3 organizarse en una sociedad que les permitiera democr\u00e1ticamente participar en su organizaci\u00f3n y direcci\u00f3n.<\/p>\n","protected":false},"excerpt":{"rendered":"<p>RESE\u00d1A\u00a0HIST\u00d3RICA El d\u00eda 2 de Septiembre de 1979 en el Municipio de Galapa, un grupo de 24 propietarios de veh\u00edculos\u00a0 se reunieron y gestaron la creaci\u00f3n de la sociedad COOPERATIVA DE TRANSPORTADORES DE GALAPA \u201cCOOTRAGAL\u201d, la raz\u00f3n fundamental fue la necesidad de proporcionar los medios para conseguir a costos razonables la explotaci\u00f3n del transporte automotor [&hellip;]<\/p>\n","protected":false},"author":1,"featured_media":0,"parent":0,"menu_order":0,"comment_status":"closed","ping_status":"closed","template":"","meta":{"footnotes":""},"class_list":["post-9","page","type-page","status-publish","hentry"],"_links":{"self":[{"href":"https:\/\/cootragal.com.co\/index.php\/wp-json\/wp\/v2\/pages\/9","targetHints":{"allow":["GET"]}}],"collection":[{"href":"https:\/\/cootragal.com.co\/index.php\/wp-json\/wp\/v2\/pages"}],"about":[{"href":"https:\/\/cootragal.com.co\/index.php\/wp-json\/wp\/v2\/types\/page"}],"author":[{"embeddable":true,"href":"https:\/\/cootragal.com.co\/index.php\/wp-json\/wp\/v2\/users\/1"}],"replies":[{"embeddable":true,"href":"https:\/\/cootragal.com.co\/index.php\/wp-json\/wp\/v2\/comments?post=9"}],"version-history":[{"count":16,"href":"https:\/\/cootragal.com.co\/index.php\/wp-json\/wp\/v2\/pages\/9\/revisions"}],"predecessor-version":[{"id":82,"href":"https:\/\/cootragal.com.co\/index.php\/wp-json\/wp\/v2\/pages\/9\/revisions\/82"}],"wp:attachment":[{"href":"https:\/\/cootragal.com.co\/index.php\/wp-json\/wp\/v2\/media?parent=9"}],"curies":[{"name":"wp","href":"https:\/\/api.w.org\/{rel}","templated":true}]}}